*n + 275. Let m be l(27). What is the greatest common factor of m and 67?
67
Suppose 72 = 2*y + 2*y - 4*i, y - 20 = 3*i. Let w = -29 - -29. Suppose w = -0*r - 7*r + 1071. Calculate the greatest common factor of r and y.
17
Let d be 108/(-12) + 626/((-8)/(-4)). What is the highest common factor of d and 9576?
152
Let s be 70/105*(11 + -17)*29/(-4). What is the greatest common factor of s and 7801?
29
Let b be (60/(-9))/((-4)/30)*(-162)/(-540). Let u = 16 + -6. Let o = -4 + u. What is the greatest common factor of b and o?
3
Let g(z) = -23*z - 1. Let t be g(-7). Let w be 11/((-143)/(-7044)) - 16/(-104). Let m = w - 478. Calculate the highest common divisor of t and m.
32
Suppose 56 = -2*k + 3*k. Suppose 18*f + 124*f - 32040 = -303*f. What is the highest common divisor of k and f?
8
Let j(u) = -33*u + 2111. Let f be j(62). Calculate the highest common factor of 1105 and f.
65
Let q(l) = l - 2. Let c(s) = -294*s + 24. Let p(x) = c(x) + 15*q(x). Let h be p(-2). What is the highest common divisor of h and 69?
69
Let p be 41276/306 - 5/(-45). Calculate the greatest common factor of 135 and p.
135
Suppose 2823 = 14*p - v, 32 = -5*p + 2*v + 1032. Calculate the highest common divisor of 26462 and p.
202
Let t(f) = 13*f + 16. Let u be t(-1). Suppose -3*l - 87 = -u*d + 48, -4*d + 140 = 4*l. What is the greatest common divisor of 10 and d?
10
Suppose 11*b + 1688 - 7358 = 2*b. What is the greatest common factor of b and 360?
90
Suppose -22*z + 366 = 36. Let r be (22 - z)*76*(-1)/(-14). Calculate the greatest common divisor of 342 and r.
38
Suppose 4*i - 20 = 3*g, 5*i - g - 30 = 4*g. Suppose 7 = -q + b, -i*q = -5*q + 5*b - 31. Let t be q*(-2)/12*18. What is the greatest common factor of t and 6?
6
Let v(i) = 2*i**3 + 4*i**2 + 10*i + 20. Let h be v(-4). Let l = h - -106. Calculate the highest common factor of 143 and l.
11
Let n be 224*((-30)/4)/(9/(-15)). Suppose 12*q - n = 140. What is the greatest common factor of 70 and q?
35
Suppose -3*d = 2*u - 437, -291*d + 290*d + 135 = -2*u. Calculate the highest common factor of 8008 and d.
143
Let f(u) = 19*u - 7. Let d(z) = 10*z - 3. Let q(a) = 5*d(a) - 3*f(a). Let b be q(5). Let i = b - -59. Calculate the highest common factor of i and 20.
10
Let i(l) = -l**2 + 5*l + 13. Let b be i(0). Suppose -2*z + 3*z = 0. Suppose -2*w = -z*w - 104. Calculate the highest common divisor of b and w.
13
Let p = -107 - -114. Let o be (7/(p/(-4)))/(5/35). Let z(m) = -m**3 - 28*m**2 + 40. Let a be z(o). What is the greatest common divisor of 10 and a?
10
Suppose -114*x = -10*x - 17264. What is the greatest common factor of 5561 and x?
83
Let m be (-7)/((-63)/(-36)) + -40. Let l be (3*m/12)/(-1). What is the highest common factor of l and 187?
11
Suppose -z + 52545 = 5*u + 2*z, -3*z = -4*z. What is the greatest common factor of u and 279?
93
Suppose 1031*x - 1021*x = 400. Calculate the highest common divisor of x and 5660.
20
Suppose 15*d - 20 = 10*d. Suppose 4*k - 5*m = 52, -3*k + d*k = 3*m + 6. Calculate the greatest common factor of k and 207.
9
Let y be (6/(-8))/((-119)/60928). What is the greatest common factor of y and 17088?
192
Suppose 19 = 4*k + i, -16*i + 13*i + 12 = 3*k. Suppose 0*u + 5*n = k*u - 75, -4*n - 76 = -5*u. Calculate the greatest common factor of u and 6.
2
Let z = -880 + 1520. Calculate the highest common divisor of z and 10.
10
Let l(t) = -t**3 + 19*t**2 + 16*t - 202. Let d be l(17). Calculate the greatest common divisor of d and 48.
24
Suppose -7*c = -6*c + 5*r + 473, 5*c = 5*r - 2425. Let x be 4/(-2) - c/(-7). Let h = x - -82. Calculate the highest common factor of h and 1.
1
Let a = -4418 - -4442. Calculate the highest common divisor of a and 8796.
12
Suppose 3*t = -2*t + 325. Suppose -1085 = -434*l + 429*l. Let w = l - 204. What is the highest common factor of t and w?
13
Suppose 0 = 22*g - 16*g. Let c(r) = 2*r + 51 - 7*r**2 + r**2 + r**3 + 6*r**2 - r**2. Let m be c(g). Calculate the highest common divisor of m and 34.
17
Suppose 5114 = 52*w - 48*w + p, -4*w = 3*p - 5102. What is the greatest common factor of 10 and w?
10
Let p(z) = -11*z + 241. Suppose 39*d - 43*d = -84. Let v be p(d). What is the highest common divisor of 5 and v?
5
Suppose -31 = 5*r - 181. Let w be (2/2)/((11 - 6)/r). Let j be (w + -2 - (-2 + 3)) + 16. What is the greatest common divisor of j and 114?
19
Suppose r - 2*c = 5*r - 104, 3*r = 5*c + 65. Let z be (r - (-2 + -9))/((-3)/(-16)). What is the highest common factor of z and 48?
48
Suppose -3*k + 237 = -c - 36, -2*k + c + 183 = 0. Suppose -309 = -5*t + 3*s, 3*t + 4*s - 108 = 60. Calculate the highest common factor of t and k.
30
Let v be (27/15)/(51/340). Let m(k) = -20*k - 8. Let y be m(-7). Calculate the highest common divisor of v and y.
12
Suppose 5*w = 2*n - 3*n + 16, -2*w + 4*n + 46 = 0. What is the greatest common divisor of 8705 and w?
5
Let h(w) = -w**2 + 10*w + 41. Let b be h(10). Let a be b/5 - 10/25*-2. Calculate the highest common divisor of 3 and a.
3
Suppose 1 = -7*b + 29. Let n be 4*(-5 + 43/b). Let p be (-3)/(-5) - 1232/(-55). What is the greatest common factor of p and n?
23
Suppose 2*d = w - 6383 + 1544, -4*d - 14531 = -3*w. Calculate the highest common factor of 23 and w.
23
Let u be 2508/(-190)*(-9)/(27/150). What is the highest common factor of 195 and u?
15
Suppose 0 = -2*f - 3*n + 14, -5*f + 5*n - 6*n = -22. Let y be 5436/(-528)*-4 + f/(-22). What is the greatest common divisor of y and 1?
1
Let u = 102 - 23. Suppose 205 = 3*t - 5*v, -2*v = 5*t - 144 - 177. Let j = t + u. What is the highest common factor of j and 16?
16
Suppose 0 = 17*v + 79*v - 11246 - 850. Let h(i) = i**2 - 2. Let y be h(4). Calculate the greatest common divisor of y and v.
14
Suppose 0 = -4*l - b + 10940, -3*b + 30800 = 14*l - 7492. Calculate the highest common divisor of l and 57.
57
Let n be (-25)/5 + 1 + 23. Let j = n - 32. Let b be ((-54)/8)/(j/52). What is the greatest common divisor of 135 and b?
27
Let s = 2172 - 2133. What is the greatest common factor of s and 9?
3
Suppose -5 = -2*n - 3*t + 500, 4*n = 3*t + 983. Suppose -189*v + 21576 = 46*v + 113*v. Calculate the highest common divisor of n and v.
62
Let o be 270/(-4)*8648/(-138). Calculate the greatest common divisor of 180 and o.
90
Let a(h) = h**2 + 3*h - 2. Let g be a(-2). Let q be -2 + g - (-11 - -3). Let x be 10/(-15) + 240/9. What is the highest common divisor of q and x?
2
Let q(l) = -l**3 - 40*l**2 - 15*l + 456. Let z be q(-40). What is the highest common factor of z and 240?
48
Suppose 14*p - 1129499 + 3408741 = 156*p. What is the greatest common factor of p and 7?
7
Let z(d) = d**3 - d**2 + 58*d - 438. Let u be z(8). What is the greatest common factor of u and 2212?
158
Suppose -v + 161 = -4*z - 64, -v = z - 250. Let m(j) = -3*j**3 - j**2 - 130*j - 392. Let r be m(-3). Calculate the highest common divisor of v and r.
35
Let j(q) = 130*q - 14. Let s be j(13). Suppose 26*l + 636 = s. Suppose 3*z + 0*z = 2*g + 308, 3*g + 412 = 4*z. Calculate the highest common factor of l and z.
20
Let m be (2 - 19)/(-15 + (-140)/(-10)). What is the highest common divisor of m and 6222?
17
Let b(c) = -c**3 + 63*c**2 - 148*c + 136. Let o be b(60). What is the greatest common factor of o and 32?
8
Let p(l) = 8*l**2 + 3*l - 9. Suppose 57*t - 27 = 144. Let y be p(t). Calculate the greatest common divisor of 72 and y.
72
Let h be (-25 - (-384)/15)*((3 - 1) + 148). Calculate the highest common factor of h and 410.
10
Let b be (-3)/(-2)*(-2)/1. Let w be ((-9)/4)/(b/16). Let a = -1921 + 1957. Calculate the greatest common factor of a and w.
12
Let a be (18/10)/(6/10). Suppose 0 = 3*w - 4*o - 156, -4*w + a*o + 249 = w. What is the highest common factor of 3 and w?
3
Suppose 18*l = 22*l - 176. Calculate the greatest common divisor of l and 28.
4
Suppose 0 = -14*p - 9*p + 207. Suppose 4*j - a + 3 = 94, -4*a - 4 = -j. Let y be 63/14*(-2 + j). What is the greatest common divisor of p and y?
9
Let y be -3*((-38)/3 - -1). Let g be ((-238)/35)/((-1260)/250 - -5) - -5. What is the greatest common divisor of y and g?
35
Suppose -9 = 3*q, -3*l = -2*l - 37*q + 34*q - 128. Let n be 85 - (2 + (-2 - 0)). What is the highest common factor of n and l?
17
Let h(b) = 3*b**2 + 3*b - 120. Let x be h(10). Suppose -x = 3*j - 6*j. Calculate the greatest common fac